4 - 1263005036?
-1263005032
In base 14, what is 8d5a85 + -3?
8d5a82
In base 12, what is 3 + -2017a491?
-2017a48a
In base 2, what is -101001101110111100100111 + -11?
-101001101110111100101010
In base 3, what is -1210112010211221 - 121?
-1210112010212112
In base 5, what is -33 + 24420334213?
24420334130
In base 8, what is 24216301 - 175?
24216104
In base 11, what is -69470a88 - -5?
-69470a83
In base 7, what is 60660310 - 65?
60660212
In base 8, what is -11726 + -10255?
-22203
In base 8, what is -27 - 262224257?
-262224306
In base 15, what is b57b01 - -13?
b57b14
In base 8, what is 57 - 36010?
-35731
In base 15, what is 3b407 + 68?
3b470
In base 2, what is 1000001 - 1000001100101110100100100?
-1000001100101110011100011
In base 9, what is 1446 - -46?
1503
In base 5, what is 10212403311 - 0?
10212403311
In base 5, what is 23 + 212114302?
212114330
In base 16, what is -4401e9 + 1?
-4401e8
In base 11, what is 43 + 69933?
69976
In base 6, what is 4244155 - 33?
4244122
In base 13, what is -933cc5 + 1?
-933cc4
In base 3, what is 210221 - 1102211?
-121220
In base 16, what is 53 + 24f4d?
24fa0
In base 11, what is -2582196 - -3?
-2582193
In base 8, what is 4030477 + -361?
4030116
In base 15, what is -cc + -2c79?
-2d56
In base 13, what is 5 + 2c97036?
2c9703b
In base 15, what is -13 + -134dce?
-134de2
In base 4, what is -11 - 3131201020?
-3131201031
In base 8, what is 650 + 646?
1516
In base 5, what is 124321312 - -2?
124321314
In base 9, what is -4 + -10881071?
-10881075
In base 7, what is 541101322 - 44?
541101245
In base 5, what is -1111300423100 + -2?
-1111300423102
In base 8, what is -1203444 + 157?
-1203265
In base 15, what is -2a0 - -58bdc?
5893c
In base 2, what is 100100110111001 + 10001?
100100111001010
In base 6, what is 2134 - 4045530?
-4043352
In base 3, what is 1 + -220212112222?
-220212112221
In base 5, what is -1000131130 - -10?
-1000131120
In base 4, what is 11232030023113 + -20?
11232030023033
In base 13, what is 0 - -8b26ba?
8b26ba
In base 13, what is -9b1b10 - 4?
-9b1b14
In base 12, what is -4375 - 61842?
-65bb7
In base 15, what is -3da - -12a09c?
129bb2
In base 15, what is 1 + 43aa624?
43aa625
In base 8, what is -21 - 37022015?
-37022036
In base 8, what is 63 + -720200?
-720115
In base 12, what is 16 - -820218?
820232
In base 11, what is -960248 - 7?
-960254
In base 12, what is 17482 - 1354?
1612a
In base 3, what is 11120 + 220002122?
220021012
In base 9, what is 68722 - 578?
68133
In base 4, what is -211320300000 + 0?
-211320300000
In base 11, what is -20 + -3702320?
-3702340
In base 15, what is -c03 + -153?
-d56
In base 11, what is -23 + 1143664?
1143641
In base 10, what is 131240 + 3?
131243
In base 8, what is 1627423165 - -4?
1627423171
In base 5, what is 12003 - -23101032?
23113040
In base 14, what is 0 - -11c70dd6?
11c70dd6
In base 4, what is -10333 + -33321?
-110320
In base 5, what is 3 - 3202100110?
-3202100102
In base 11, what is 4618 - -2a1?
4909
In base 12, what is 2489212 - -23?
2489235
In base 8, what is -20 - -235062?
235042
In base 4, what is -2333110 + 2133211?
-133233
In base 10, what is -136 + 388641?
388505
In base 6, what is -1 + 1434101151?
1434101150
In base 3, what is 112210 + -1010021110?
-1002201200
In base 16, what is 528 + 1746?
1c6e
In base 2, what is 101 - -10111011110111001?
10111011110111110
In base 4, what is 1333331012003 - -1?
1333331012010
In base 7, what is -1 - -2616645535?
2616645534
In base 11, what is -3054 + 10407?
8363
In base 16, what is -471 + cbe?
84d
In base 11, what is 1 - -2650935?
2650936
In base 5, what is -1 + -2031313404?
-2031313410
In base 8, what is 2755277 - -24?
2755323
In base 3, what is -12 + 10000000222011?
10000000221222
In base 12, what is 25a032 - -32?
25a064
In base 8, what is -2246 - 21370?
-23636
In base 2, what is 1010001110011000000101001 + 11?
1010001110011000000101100
In base 7, what is 40254015 - -65?
40254113
In base 12, what is 14 - 34649?
-34635
In base 10, what is 244805 + -98?
244707
In base 3, what is -112222002020 - 21?
-112222002111
In base 11, what is 10 + -1086460?
-1086450
In base 15, what is 126eb8 + -6?
126eb2
In base 12, what is 78b86 + -78?
78b0a
In base 5, what is 311011142 + 104?
311011301
In base 13, what is 70422b6 - 5?
70422b1
In base 9, what is -152 + -256272?
-256434
In base 4, what is 0 + -20120222022301?
-20120222022301
In base 6, what is -343 - -10231004?
10230221
In base 15, what is -1435 + 3e45?
2a10
In base 13, what is -31a463 + -4a?
-31a4b0
In base 6, what is 2413 - 520535?
-514122
In base 3, what is 0 + 122221212200222?
122221212200222
In base 11, what is -3 + -1374042?
-1374045
In base 7, what is -3016221 + -106?
-3016330
In base 10, what is 322 - 400015?
-399693
In base 10, what is 1 - -70749108?
70749109
In base 13, what is b8 + -c31b5?
-c30ca
In base 7, what is -40 - 130154455?
-130154525
In base 16, what is 1a - -7d8e9?
7d903
In base 14, what is -19b91 + 62c?
-19563
In base 11, what is -5aaa + -2a01?
-8a00
In base 9, what is 72121 - 15?
72105
In base 12, what is -1 - -1a68159?
1a68158
In base 14, what is 1271749 - 5?
1271744
In base 9, what is -355611507 + -7?
-355611515
In base 4, what is -102201130 - -222?
-102200302
In base 16, what is -40 - -f792?
f752
In base 6, what is -1025132351514 + 4?
-1025132351510
In base 9, what is 135332217 + 1?
135332218
In base 2, what is 101001111001011011011110 + -100?
101001111001011011011010
In base 12, what is a26b75 + -4?
a26b71
In base 2, what is -111100000 + 100101001101?
11101101101
In base 3, what is 11 - 100121120120102?
-100121120120021
In base 11, what is 5 - -1252890?
1252895
In base 5, what is -1233 + -132213404?
-132220142
In base 11, what is 3457a1 - -11?
345802
In base 7, what is 46011 + -140165?
-61154
In base 3, what is 20000 + 1110102022?
1110122022
In base 10, what is 42 - 48687?
-48645
In base 6, what is 43222 - -13202?
100424
In base 5, what is 240 + -3012304413?
-3012304123
In base 9, what is -51610834 - -8?
-51610825
In base 3, what is 110020012211 + 122?
110020020110
In base 6, what is -4 + -2230020210?
-2230020214
In base 12, what is 1 - 467a815?
-467a814
In base 16, what is 30dc3 - -21b?
30fde
In base 14, what is 77 - -8071a2?
807239
In base 16, what is -de36b - -10?
-de35b
In base 5, what is -234224320 - 20?
-234224340
In base 8, what is 2 - -140126644?
140126646
In base 10, what is -274 - -2333326?
2333052
In base 7, what is -31044 + 13650?
-14064
In base 13, what is -bb0 - 82c8?
-91a8
In base 12, what is 1a3 - -221a9?
22390
In base 6, what is 213225 + 12120?
225345
In base 8, what is 4421042 + 1?
4421043
In base 13, what is 0 + -b57110b?
-b57110b
In base 11, what is -355 - -174814?
17446a
In base 10, what is -14168 - 463?
-14631
In base 5, what is 31434 + 142?
32131
In base 12, what is -18a876a20 - 1?
-18a876a21
In base 3, what is 1121102 + 21000221?
22122100
In base 12, what is -45b8 - -358b7?
312bb
In base 10, what is 69 - 112583?
-112514
In base 6, what is -2 + -414140433?
-414140435
In base 2, what is 1100001110010000001100011 - -11?
1100001110010000001100110
In base 2, what is -1100001100111 - -101000000101?
-111001100010
In base 9, what is -1 - 171784731?
-171784732
In base 8, what is -2 - 1557460?
-1557462
In base 11, what is 27 + -5615?
-5599
In base 16, what is 35 + -1927fc?
-1927c7
In base 16, what is -3122519b + 4?
-31225197
In base 15, what is -5 + ca292b?
ca2926
In base 14, what is 31a18 - 55?
319a3
In base 2, what is 100011011111110100 - 10001110?
100011011101100110
In base 11, what is 1a + 209491?
209500
In base 15, what is 5212 - -d1c?
602e
In base 10, what is -37 - 63484?
-63521
In base 6, what is -113 - -20321504?
20321351
In base 15, what is ea6 - -15c34?
16bda
In base 16, what is -5d0 - -126f?
c9f
In base 14, what is 167 + -b4ac?
-b345
In base 5, what is 1 - -222111342?
222111343
In base 10, what is -1013 + 201009?
199996
In base 4, what is -221213 - 1122233?
-2010112
In base 14, what is -3 - 2a4395?
-2a4398
In base 15, what is -6 - -23749bb?
23749b5
In base 2, what is 10010011 - -110011001010100111000110?
110011001010101001011001
In base 12, what is 4 + -253484a?
-2534846
In base 4, what is -2 - 101231113232323?
-101231113232331
In base 7, what is 22414362 - -1?
22414363
In base 12, what is 20a1076 - -4?
20a107a
In base 11, what is 4 - 95a9929?